st common divisor of 4 and j?
4
Let s(p) = p**2 + 3*p + 5. Let o be s(-4). Let t = 11 - 17. Let y = t + 15. Calculate the highest common factor of o and y.
9
Suppose -a + 4*a + 352 = 4*f, 4*f + a - 336 = 0. Calculate the greatest common factor of 5 and f.
5
Let v(c) = c + 3. Let w be v(6). Let y = -4 + w. What is the greatest common factor of 45 and y?
5
Let w = 218 + -8. Let c = -74 + w. Calculate the greatest common factor of c and 17.
17
Let q be 18/63 + 508/(-14). Let m = q - -60. What is the greatest common factor of m and 96?
24
Suppose p - 78 = -5*t, t - 4*p - 33 = -2*t. Let b be 9/(3/1) - -2. Calculate the greatest common factor of b and t.
5
Let k be 0 + 0 - (-10 - 34). Calculate the highest common divisor of 4 and k.
4
Let o = 33 - 19. Calculate the highest common factor of o and 154.
14
Let u be (24/10)/(8/20). Suppose 54 = -2*j - 42. Let q be (j/(-20))/(u/200). Calculate the highest common divisor of 8 and q.
8
Suppose -61*n = -66*n + 900. Calculate the greatest common divisor of n and 20.
20
Suppose -3*z + 39 = -2*z. What is the highest common factor of 13 and z?
13
Let n be (0/3)/(2 + -1). Suppose -3*c + 8*c - 770 = n. Suppose 2*s - 14 = s. What is the highest common factor of c and s?
14
Let b be 1/((-2)/202*-1). Let x be (-21)/(-14) + b/2. What is the greatest common divisor of 13 and x?
13
Let a be 102/36 - 3 - (-254)/12. What is the greatest common divisor of a and 9?
3
Let y = 418 + -210. Let x(i) = -78*i - 3. Let c be x(-1). Let r = c - 49. What is the highest common factor of r and y?
26
Let c(t) = 4*t**2 + 6*t + 16. Let f be c(-4). What is the greatest common divisor of 7 and f?
7
Let b = -161 + 403. What is the highest common divisor of 22 and b?
22
Let m(b) = b + 10. Let p be m(-8). Let z be p/12 + 166/12. Calculate the highest common divisor of z and 126.
14
Suppose -2*h - 4 = -w, 0*w + w - h - 3 = 0. Suppose -w - 4 = -b. Suppose 0 = -2*v + 5*v - 36. Calculate the highest common divisor of b and v.
6
Suppose 2*k = 6*k. Suppose r + 2*r - 36 = k. Calculate the highest common factor of 48 and r.
12
Let x = 9 + 12. Calculate the highest common factor of 168 and x.
21
Let i be 4*3/18*3. Let u be i/6 - 8/(-3). Suppose u = -4*t + 15. What is the greatest common factor of t and 12?
3
Let p = -9 - -16. Let f be (-2)/9 + (-130)/(-18). Calculate the highest common factor of p and f.
7
Let l(j) = -j**3 - 6*j**2 - 8*j - 4. Let n be l(-5). Let s = 9 + -3. Suppose 2*h + n = 5*r, 4*r - 2*h - s = h. What is the greatest common divisor of 6 and r?
3
Let u(d) = d**2 - 7*d + 15. Let y be u(7). What is the highest common divisor of 15 and y?
15
Suppose 4*v - 591 + 59 = 0. Calculate the greatest common divisor of v and 19.
19
Suppose 2*v - 101 = -l + 131, 3*l = -3*v + 351. Suppose -5*r - q = 3*q - 218, 101 = 2*r - 3*q. What is the greatest common factor of v and r?
23
Suppose 0 = -2*b + 5*s - 5, 7*b - 2*b = 4*s + 13. What is the greatest common factor of 40 and b?
5
Let x be (-6)/(-10) + (-44)/(-10). Let r be (-1)/(10/4) + 885/25. Calculate the greatest common divisor of r and x.
5
Let v be ((-24)/(-10))/(2/10). Suppose -3*x = -v, -2*x = 4*h - 2*h - 116. What is the highest common factor of 18 and h?
18
Suppose 0*l - 896 = -4*l. Let z be l/5 + (-1)/(-5). Calculate the highest common factor of 9 and z.
9
Suppose -3*f + 2*z = -40, 0*f - 2*z - 64 = -5*f. Calculate the greatest common divisor of 132 and f.
12
Suppose -5*k - 8 = -58. Let f = 15 - -5. Calculate the greatest common factor of f and k.
10
Suppose -4*g = -5*g + 8. Suppose 0 = 2*t - 1 - 5. Let r(q) = 6*q + 2. Let a be r(t). What is the highest common divisor of g and a?
4
Suppose -2 = -r + 2*x + 18, 0 = 2*r + 4*x - 72. What is the greatest common factor of r and 8?
4
Suppose -12 = -2*f + 4*b, 0 = -2*f + b - 0*b. Let z be 1*f + 36/(-3). Let q be (-74)/z - 2/7. Calculate the greatest common divisor of q and 5.
5
Suppose -3*f + 4*z = -64, -4*f = -3*z + 22 - 105. Let o be 200/6*(-24)/(-10). What is the highest common divisor of f and o?
20
Let d be (-55)/(2/(4/(-2))). Let x = 24 + -19. What is the highest common factor of x and d?
5
Let k(n) = -n + 1. Let f be k(0). What is the highest common divisor of f and 8?
1
Let f(r) = -4*r**2 - 39*r - 10. Let x be f(-9). What is the highest common divisor of x and 85?
17
Let r be 3*10/18*3. Suppose 5*x - 3*x = 5*y - 23, r*x + 5 = 2*y. Calculate the greatest common divisor of 15 and y.
5
Suppose 4*n = -4*r + 52, 6*n - n - 41 = -2*r. Suppose -7 = -3*d + 17. Suppose -4*j + 168 = d. Calculate the highest common factor of j and r.
8
Let y be 1 + 2 + (-2)/1. Let x be 77 - -3 - (-2)/y. Let c = -57 + x. What is the greatest common factor of c and 10?
5
Suppose 0*j - 353 = -2*h - 3*j, h = 3*j + 163. Calculate the greatest common divisor of h and 43.
43
Let m = -17 + 22. Suppose 3*v = -2*v + 275. Calculate the highest common divisor of m and v.
5
Let u = -27 + 34. Let h(g) = 13*g - 3. Let w be h(4). What is the greatest common divisor of w and u?
7
Suppose -18*h + 14*h = -868. What is the highest common factor of 31 and h?
31
Let r be 1*(1 - 1) - 1. Let w be r + 9 - (4 + -4). Suppose -5*v = -v - w. What is the highest common factor of v and 18?
2
Let m(v) = 39*v. Let f be m(1). What is the highest common divisor of f and 312?
39
Suppose -5*z + 22 = -88. What is the highest common factor of 99 and z?
11
Let p(a) = 3 - 6*a - 4 - 5. Let o be p(-3). Calculate the greatest common factor of o and 96.
12
Suppose -2*l + 4 = -4. Let k be 2 - (l - -1) - 0. Let u be 10*k/2*-5. What is the highest common factor of u and 15?
15
Suppose 3*a - 124 = a. What is the greatest common factor of 93 and a?
31
Suppose -x + 13 = 4*u, 2*x - 2 = 3*u + u. Let r be 0 + 265 + u + -3. What is the highest common divisor of 24 and r?
24
Suppose 4*k - 6 = -5*j + 102, -3*j + 62 = k. Let v = j - -55. Calculate the greatest common factor of v and 30.
15
Suppose -v = 5*v - 54. Calculate the greatest common divisor of v and 6.
3
Suppose -q + 11 = -0*q. Suppose 0 = -4*h - 3*w + 361, 5*h + w = -2*w + 449. What is the greatest common divisor of q and h?
11
Suppose 5*p - 4*l = 24, 0*l - l = -4*p + 17. Calculate the highest common factor of 14 and p.
2
Let f(c) = 15*c**2. Let j be f(1). Calculate the greatest common factor of 6 and j.
3
Let r be -16 + 19 - (31 + 1). Let o = 51 - r. Suppose -5*v = -2*a - 44, -11 = -2*v + 6*a - 3*a. What is the highest common factor of v and o?
10
Suppose -2*z + 65 = -z. Let b = z - -39. Suppose -2*w = -15 - 11. What is the greatest common divisor of b and w?
13
Let o be 9 + -5 - (1 - -2). Calculate the greatest common divisor of o and 7.
1
Suppose 5*g + 16 = 4*r, g = -r + 5*g - 7. Suppose 0 = -i - 5*f + 25, -4*i - 20 = i - 4*f. Suppose i*q = -q + 6. What is the highest common divisor of r and q?
3
Suppose 3*g - 13 - 2 = 0. Suppose 3*s + 4*y = -y + 56, 125 = g*s + 2*y. What is the greatest common factor of s and 18?
9
Let k = -45 + 63. Suppose -380 = 19*j - 1748. Calculate the highest common factor of k and j.
18
Let o(y) = y**3 - 25*y**2 - 22*y - 27. Let p be o(26). Calculate the highest common factor of 11 and p.
11
Suppose 30 = 2*g - 4*u, -4*g + 37 = 3*u - 1. What is the greatest common factor of 99 and g?
11
Let s = 92 - 48. What is the greatest common factor of s and 22?
22
Let i(z) = 5*z + 2. Let s be i(1). Let v = 54 - 26. Calculate the highest common divisor of v and s.
7
Let j = 9 + -6. Let u(m) be the first derivative of m**4/2 - m**3 - m**2/2 + 2*m + 25. Let g be u(j). Calculate the highest common divisor of 13 and g.
13
Suppose 98 = j - 276. Calculate the greatest common factor of j and 34.
34
Let x = 10 + -1. Suppose x = i - 11. Let m(c) = c**3 + 11*c**2 + 6*c - 4. Let d be m(-6). Calculate the greatest common divisor of i and d.
20
Suppose -3 = m, -5*j - 3*m - 24 = -4*j. Suppose -6 = 2*w + 4*l, -5*w - 2*l - 2*l = 15. Let p = w - j. Calculate the highest common divisor of 96 and p.
12
Let d be (2/(-5))/(-1 + 239/240). Calculate the highest common divisor of 72 and d.
24
Let o = 39 - -41. Calculate the highest common factor of 10 and o.
10
Let o(b) = -b**3 - 7*b + 8 + 0*b - 4*b - 10*b**2. Let f be o(-8). Let q = f + 53. What is the highest common factor of q and 147?
21
Let n(x) = -x + 18. Suppose -t = t. Let m be n(t). What is the greatest common fact